{"id":193,"date":"2016-03-26T19:37:53","date_gmt":"2016-03-26T18:37:53","guid":{"rendered":"http:\/\/acinu.net\/?page_id=193"},"modified":"2016-04-16T21:44:39","modified_gmt":"2016-04-16T20:44:39","slug":"norman-porter","status":"publish","type":"page","link":"https:\/\/acinu.net\/?page_id=193","title":{"rendered":"Norman Porter"},"content":{"rendered":"<p>Sekte: Camarilla<br \/>\nClan: Setit<br \/>\nGeneration:<br \/>\nSire:<br \/>\nTodestag:<br \/>\nSieht aus wie: Ende zwanzig<br \/>\nChilds:<br \/>\nGhule:<br \/>\nKl\u00fcngl:<\/p>\n<p><span style=\"text-decoration: underline;\"><strong>Beschreibung:<\/strong><\/span><br \/>\nGeburtstag: 70<br \/>\nGr\u00f6\u00dfe: 1,78<br \/>\nGewicht: 70<br \/>\nStatur: dratig<br \/>\nHaarfarbe: schwarz<br \/>\nAugenfarbe: grau<br \/>\nHautfarbe: wei\u00df<br \/>\nNationalit\u00e4t: Jamaika<br \/>\nHauptwohnsitz:<\/p>\n\n","protected":false},"excerpt":{"rendered":"<p>Sekte: Camarilla Clan: Setit Generation: Sire: Todestag: Sieht aus wie: Ende zwanzig Childs: Ghule: Kl\u00fcngl: Beschreibung: Geburtstag: 70 Gr\u00f6\u00dfe: 1,78 Gewicht: 70 Statur: dratig Haarfarbe: schwarz Augenfarbe: grau Hautfarbe: wei\u00df Nationalit\u00e4t: Jamaika Hauptwohnsitz:<\/p>\n","protected":false},"author":2,"featured_media":0,"parent":8,"menu_order":0,"comment_status":"closed","ping_status":"closed","template":"","meta":{"footnotes":""},"_links":{"self":[{"href":"https:\/\/acinu.net\/index.php?rest_route=\/wp\/v2\/pages\/193"}],"collection":[{"href":"https:\/\/acinu.net\/index.php?rest_route=\/wp\/v2\/pages"}],"about":[{"href":"https:\/\/acinu.net\/index.php?rest_route=\/wp\/v2\/types\/page"}],"author":[{"embeddable":true,"href":"https:\/\/acinu.net\/index.php?rest_route=\/wp\/v2\/users\/2"}],"replies":[{"embeddable":true,"href":"https:\/\/acinu.net\/index.php?rest_route=%2Fwp%2Fv2%2Fcomments&post=193"}],"version-history":[{"count":13,"href":"https:\/\/acinu.net\/index.php?rest_route=\/wp\/v2\/pages\/193\/revisions"}],"predecessor-version":[{"id":219,"href":"https:\/\/acinu.net\/index.php?rest_route=\/wp\/v2\/pages\/193\/revisions\/219"}],"up":[{"embeddable":true,"href":"https:\/\/acinu.net\/index.php?rest_route=\/wp\/v2\/pages\/8"}],"wp:attachment":[{"href":"https:\/\/acinu.net\/index.php?rest_route=%2Fwp%2Fv2%2Fmedia&parent=193"}],"curies":[{"name":"wp","href":"https:\/\/api.w.org\/{rel}","templated":true}]}}