{"id":252,"date":"2016-04-16T21:35:22","date_gmt":"2016-04-16T20:35:22","guid":{"rendered":"http:\/\/acinu.net\/?page_id=252"},"modified":"2018-06-20T12:00:30","modified_gmt":"2018-06-20T11:00:30","slug":"john-markison","status":"publish","type":"page","link":"https:\/\/acinu.net\/?page_id=252","title":{"rendered":"John Markison"},"content":{"rendered":"<p>Sekte: Camarilla<br \/>\nClan: Nosferatu<br \/>\nGeneration:<br \/>\nSire:<br \/>\nTodestag:<br \/>\nSieht aus wie:<br \/>\nChilds:<br \/>\nGhule:<br \/>\nKl\u00fcngl:<br \/>\n<br \/>\n<\/p>\n<p><strong><span style=\"text-decoration: underline;\">Beschreibung:<\/span><\/strong><br \/>\nGeburtstag:<br \/>\nGr\u00f6\u00dfe:<br \/>\nGewicht:<br \/>\nStatur:<br \/>\nHaarfarbe:<br \/>\nAugenfarbe:<br \/>\nHautfarbe:<br \/>\nNationalit\u00e4t: USA<br \/>\nHauptwohnsitz: San Diego, Kalifornien<\/p>\n<p><span style=\"text-decoration: underline;\"><strong>Charakterbeschreibung:<\/strong><\/span><br \/>\nEr ist der Besitzer des Clubs &#8222;Graveyard&#8220;. Eines Gothic-Metal Clubs in San Diego.<br \/>\n<br \/>\n<br \/>\n<\/p>\n","protected":false},"excerpt":{"rendered":"<p>Sekte: Camarilla Clan: Nosferatu Generation: Sire: Todestag: Sieht aus wie: Childs: Ghule: Kl\u00fcngl: Beschreibung: Geburtstag: Gr\u00f6\u00dfe: Gewicht: Statur: Haarfarbe: Augenfarbe: Hautfarbe: Nationalit\u00e4t: USA Hauptwohnsitz: San Diego, Kalifornien Charakterbeschreibung: Er ist der Besitzer des Clubs &#8222;Graveyard&#8220;. Eines Gothic-Metal Clubs in San Diego.<\/p>\n","protected":false},"author":2,"featured_media":0,"parent":214,"menu_order":0,"comment_status":"closed","ping_status":"closed","template":"","meta":{"footnotes":""},"_links":{"self":[{"href":"https:\/\/acinu.net\/index.php?rest_route=\/wp\/v2\/pages\/252"}],"collection":[{"href":"https:\/\/acinu.net\/index.php?rest_route=\/wp\/v2\/pages"}],"about":[{"href":"https:\/\/acinu.net\/index.php?rest_route=\/wp\/v2\/types\/page"}],"author":[{"embeddable":true,"href":"https:\/\/acinu.net\/index.php?rest_route=\/wp\/v2\/users\/2"}],"replies":[{"embeddable":true,"href":"https:\/\/acinu.net\/index.php?rest_route=%2Fwp%2Fv2%2Fcomments&post=252"}],"version-history":[{"count":5,"href":"https:\/\/acinu.net\/index.php?rest_route=\/wp\/v2\/pages\/252\/revisions"}],"predecessor-version":[{"id":488,"href":"https:\/\/acinu.net\/index.php?rest_route=\/wp\/v2\/pages\/252\/revisions\/488"}],"up":[{"embeddable":true,"href":"https:\/\/acinu.net\/index.php?rest_route=\/wp\/v2\/pages\/214"}],"wp:attachment":[{"href":"https:\/\/acinu.net\/index.php?rest_route=%2Fwp%2Fv2%2Fmedia&parent=252"}],"curies":[{"name":"wp","href":"https:\/\/api.w.org\/{rel}","templated":true}]}}